
Is 47 a factor of 29960945?
False
Does 1041 divide 2463952269?
True
Does 452 divide 154475972?
True
Does 136 divide 2420858125?
False
Is 42 a factor of 242353387?
False
Is 54375300 a multiple of 84?
True
Is 271288573 a multiple of 37?
False
Does 1041 divide 591460806?
True
Does 469 divide 2236274?
False
Is 184 a factor of 14333940?
False
Is 1699895995 a multiple of 445?
True
Is 1769 a factor of 686127560?
False
Does 35 divide 58824458?
False
Is 27215898 a multiple of 83?
False
Is 94792965 a multiple of 5?
True
Is 39407984 a multiple of 1232?
True
Is 3584 a factor of 1568955173?
False
Is 68 a factor of 15530670?
False
Does 6 divide 2110074?
True
Is 4417 a factor of 212470951?
True
Does 4050 divide 187904255?
False
Does 4669 divide 207138933?
False
Is 188278387 a multiple of 11?
True
Is 3 a factor of 174022546?
False
Does 3445 divide 145360801?
False
Is 145 a factor of 218870975?
True
Is 41020422 a multiple of 17?
True
Is 2594 a factor of 118146324?
True
Does 408 divide 154016076?
False
Is 8660361 a multiple of 8?
False
Does 769 divide 15390766?
True
Is 806151813 a multiple of 14?
False
Is 8087104 a multiple of 68?
True
Is 362781103 a multiple of 71?
True
Is 5748398864 a multiple of 3881?
False
Is 5317637 a multiple of 67?
False
Is 25573079 a multiple of 193?
True
Is 90774260 a multiple of 157?
True
Does 12 divide 10728192?
True
Is 84 a factor of 1388953104?
True
Does 17 divide 1289295673?
False
Is 4803103 a multiple of 11?
False
Is 615 a factor of 352590160?
False
Does 3088 divide 102313150?
False
Is 123 a factor of 305693991?
True
Is 69075374 a multiple of 100?
False
Is 285206474 a multiple of 2117?
True
Does 378 divide 1227898664?
False
Is 27304128 a multiple of 207?
True
Does 9 divide 670292837?
False
Is 9240700075 a multiple of 19?
False
Is 24 a factor of 111668112?
True
Is 1973332424 a multiple of 4285?
False
Is 763 a factor of 27631223?
False
Does 3115 divide 535059?
False
Does 14 divide 203325974?
False
Is 4798909 a multiple of 4?
False
Is 1161 a factor of 28098522?
True
Is 223686750 a multiple of 822?
True
Is 47533954 a multiple of 169?
True
Does 173 divide 76492988?
True
Does 10 divide 84574188?
False
Is 55 a factor of 108301160?
True
Does 147 divide 25478117?
False
Does 26 divide 587911090?
True
Is 129197969 a multiple of 9?
False
Is 630621939 a multiple of 28?
False
Is 207807184 a multiple of 1768?
True
Is 280195200 a multiple of 7050?
True
Does 37 divide 136188557?
False
Is 65996382 a multiple of 37?
True
Is 119337459 a multiple of 1711?
False
Is 762 a factor of 8938260?
True
Does 29 divide 312247843?
True
Does 7 divide 165066195?
True
Is 6214656 a multiple of 34?
True
Does 6 divide 33915478?
False
Is 846591575 a multiple of 41?
True
Does 46 divide 101691751?
False
Is 957794082 a multiple of 21?
True
Is 39193258 a multiple of 1742?
True
Does 110 divide 4306083131?
False
Is 4142 a factor of 25150224?
True
Does 1111 divide 219854679?
True
Is 467849544 a multiple of 24?
True
Is 19147590 a multiple of 378?
True
Does 4466 divide 10266960?
False
Is 10 a factor of 2818095?
False
Is 117 a factor of 48246705?
True
Is 244 a factor of 31778804?
True
Does 517 divide 133577142?
False
Does 11 divide 19230464?
True
Is 25 a factor of 443420489?
False
Does 12 divide 739061319?
False
Does 598 divide 193714027?
False
Does 1811 divide 1255387011?
True
Is 165 a factor of 42096285?
True
Is 20 a factor of 31248316?
False
Is 15 a factor of 15273480?
True
Is 133 a factor of 22401722?
True
Is 16 a factor of 6832?
True
Is 15 a factor of 1451901?
False
Is 270045548 a multiple of 58?
False
Does 10 divide 567221321?
False
Does 207 divide 38901510?
True
Does 23 divide 9178411?
False
Is 7946 a factor of 6140072850?
True
Does 40 divide 211199320?
True
Is 98620256 a multiple of 8?
True
Is 558642 even?
True
Does 846 divide 182963574?
True
Is 182 a factor of 288286768?
False
Is 21 a factor of 8500198?
False
Is 1267 a factor of 41048472?
False
Is 1755153935 a multiple of 14?
False
Does 9 divide 32090499?
True
Is 14842520 a multiple of 111?
False
Does 7857 divide 1762702236?
True
Is 154190848 a multiple of 224?
True
Is 26 a factor of 418383238?
True
Is 5 a factor of 234361039?
False
Is 8750009 a multiple of 7?
False
Is 1939391353 a multiple of 66?
False
Is 28 a factor of 1744457596?
True
Is 623 a factor of 35278621?
True
Does 2305 divide 62426315?
True
Does 147 divide 11581689?
True
Does 3 divide 56734404?
True
Does 69 divide 541295924?
False
Does 36 divide 11152957?
False
Does 45 divide 34624404?
False
Does 3648 divide 466560960?
True
Does 69 divide 315502230?
False
Is 2 a factor of 384291828?
True
Is 37 a factor of 170455559?
True
Is 35 a factor of 11605405?
True
Is 170 a factor of 316294081?
False
Is 21383544 a multiple of 182?
True
Does 59 divide 14911657?
False
Is 122823554 a multiple of 792?
False
Is 1238384763 a multiple of 33?
True
Does 24 divide 1156089360?
True
Does 156 divide 111855900?
True
Does 255 divide 756585?
True
Is 13141406 a multiple of 261?
False
Does 11 divide 92080534?
False
Does 19 divide 738732038?
False
Is 6 a factor of 243059853?
False
Is 52000576 a multiple of 67?
True
Is 445103029 a multiple of 175?
False
Is 45 a factor of 171682920?
True
Is 113 a factor of 5536354497?
False
Does 1346 divide 1344672267?
False
Does 43 divide 732952759?
True
Does 1708 divide 194271336?
True
Does 92 divide 81641076?
True
Is 4026 a factor of 204655914?
False
Is 53 a factor of 61203870?
True
Is 466089865 a multiple of 4?
False
Is 44005957 a multiple of 589?
True
Is 198 a factor of 19017108?
True
Does 153 divide 697526082?
True
Does 297 divide 143889918?
False
Is 1286259171 a multiple of 16?
False
Is 33606486 a multiple of 381?
True
Does 2965 divide 539410590?
True
Does 11 divide 54756622?
False
Is 1492970734 a multiple of 5295?
False
Does 53 divide 143873063?
False
Does 720 divide 1045447084?
False
Does 153 divide 223327392?
False
Is 4090844 a multiple of 15?
False
Is 8448 a factor of 2547739392?
True
Is 63227840 a multiple of 52?
True
Does 7 divide 54633103?
True
Is 2387059850 a multiple of 25?
True
Is 1827305312 a multiple of 23?
False
Is 787 a factor of 2251454376?
False
Is 56 a factor of 1599660048?
True
Is 71375096 a multiple of 328?
True
Is 111 a factor of 2092759701?
True
Is 195 a factor of 76731330?
True
Is 940 a factor of 1017258600?
True
Is 52354043 a multiple of 427?
True
Is 13 a factor of 7724873?
True
Does 1539 divide 61368378?
False
Is 394147000 a multiple of 10?
True
Is 24363238 a multiple of 326?
False
Is 29400084 a multiple of 29?
True
Is 16097945 a multiple of 5?
True
Is 153369772 a multiple of 36?
False
Is 17665995 a multiple of 15?
True
Is 355 a factor of 584230600?
True
Is 3872063 a multiple of 2?
False
Is 159285649 a multiple of 23?
True
Is 269768980 a multiple of 1313?
True
Does 3158 divide 5098703?
False
Is 14545608 a multiple of 2244?
True
Is 59000321 a multiple of 13?
False
Is 13 a factor of 44306223?
True
Does 387 divide 126522964?
False
Is 17111128 a multiple of 5?
False
Does 901 divide 553139426?
False
Is 2503614840 a multiple of 11?
False
Does 156 divide 179891775?
False
Does 124 divide 6749040?
False
Is 680 a factor of 15447590?
False
Is 108500336 a multiple of 1522?
True
Does 1111 divide 2256409270?
False
Does 758 divide 44212141?
False
Is 647397199 a multiple of 36?
False
Does 821 divide 316229068?
False
Is 543 a factor of 191930299?
False
Does 51 divide 3267397722?
True
Is 394467462 a multiple of 7074?
True
Is 799 a factor of 10725166?
False
Is 1038468376 a multiple of 134?
True
Is 1390577617 a multiple of 132?
False
Does 713 divide 1995118346?
False
Is 197 a factor of 29401636?
False
Is 128865372 a multiple of 1526?
False
Is 26872587 a multiple of 7?
True
Is 61 a factor of 89088249?
False
Does 208 divide 738248576?
True
Is 3448 a factor of 70275749?
False
Is 13 a factor of 28856029?
False
Is 1046 a factor of 621536338?
True
Is 132501972 a multiple of 12?
True
Is 2152 a factor of 71878952?
True
Is 2153456991 a multiple of 601?
False
Is 594397260 a multiple of 5?
True
Does 802 divide 3320357794?
True
Does 15 divide 25456425?
True
Is 73 a factor of 107729458?
True
Does 172 divide 3694388?
True
Does 7 divide 94872204?
True
Is 211932000 a multiple of 180?
True
Does 2013 divide 148182969?
True
Is 4 a factor of 8238951?
False
Doe